 13*x + 6. Let s be k(-7). What is the highest common factor of r and s?
3
Let j = -883 + 1027. Calculate the highest common divisor of j and 2376.
72
Let j be (137/((-7261)/(-1484)))/((-1)/(-21)). Suppose -5*d + h + 3*h + 76 = 0, 0 = -5*d + 5*h + 80. What is the greatest common factor of j and d?
12
Suppose 24*m - 25*m = 126. Let j = 119 + m. Let i be j + 42 - (-4 + 3). Calculate the highest common divisor of 24 and i.
12
Let x be ((-4)/6)/(2/(-12)). Suppose -5*b + x*y + 263 = -66, -6*y = 6. What is the greatest common factor of b and 299?
13
Let k(c) = 2*c**2 - 5*c - 1. Let x be k(4). Suppose -x*u + 16*u - 30 = 0. Let q(h) = 2*h + 2. Let f be q(5). Calculate the greatest common factor of u and f.
6
Suppose -38*t + 112*t = 88504. What is the highest common factor of t and 208?
52
Let p(a) = 8*a**2 + 4*a + 11. Let o be p(3). Let d = o + -85. Let s be (2 - 4) + 6/1. Calculate the greatest common factor of d and s.
2
Let d = 26970 + -13313. Calculate the greatest common divisor of 7 and d.
7
Suppose -6545 = 3*g + 8*g. Let i = 645 + g. Calculate the highest common divisor of i and 225.
25
Suppose -285 = -2*x - 3*u + 323, x - 298 = -3*u. What is the highest common factor of x and 1395?
155
Let b be (-45)/(-6) - 2/(-4). Suppose -6*p - b = -2*p. Let c be 3/1 + p + -5 + 52. Calculate the greatest common divisor of 6 and c.
6
Suppose 207 = -18*x + 21*x. Suppose u - i = 68, u - x - 3 = -i. Suppose -k + 14 = 4*p, 0 = -p - 1 + 2. What is the highest common factor of u and k?
10
Let d(b) = -2*b**3 + 5*b**2 - b + 6. Let y be d(-4). Suppose 5*o + 3*v = 8*v + 290, 0 = -4*o - 3*v + y. Calculate the highest common divisor of 7 and o.
7
Let i be 2/(-3)*(-18)/(-12) - (14 - 51). Let g(t) = 2*t**3 - 5*t**2 + t - 4. Let h be g(4). Calculate the highest common factor of h and i.
12
Suppose -1029 = -137*d + 1848. Let u = 22 + 12. Let k = u - d. Calculate the greatest common divisor of k and 143.
13
Let f be 5 + (-6)/21 + 30120/168. What is the greatest common factor of f and 24?
8
Let c(y) = 15*y + 474. Let j be c(24). What is the greatest common divisor of j and 12?
6
Suppose 0 = 78*i - 100*i + 1100. What is the greatest common divisor of 2675 and i?
25
Let w = 22064 + -21881. Calculate the greatest common divisor of w and 1586.
61
Let f(i) = -40*i - 127. Suppose -4*m - 4*p + 20 = 56, 0 = 3*m - 5*p - 13. Let g be f(m). Suppose -w + 33 = 2*w. What is the highest common divisor of w and g?
11
Suppose 0*d + 4 = 2*d. Suppose -14 = -5*h + n + 17, -d*n + 22 = 2*h. Let k(r) = -6*r + 4. Let g be k(-4). What is the highest common factor of h and g?
7
Let o(q) be the first derivative of -q**4/4 - 7*q**3/3 - 5*q**2 - 8*q + 2. Let k be 18/6*(-4 + 2). Let c be o(k). What is the highest common factor of c and 12?
4
Suppose -14*s + 109 + 80 = -315. What is the greatest common factor of s and 4716?
36
Let p be ((-318)/(-5))/((-78)/(-520)). Let x = p + -372. Calculate the highest common divisor of x and 234.
26
Let g = -5607 + 5651. Suppose 2*n + 29 = 53. Calculate the greatest common divisor of g and n.
4
Let l be (24 + (-663)/26)/(3/(-130)). Suppose 0 = 3*r - 0*r - 156. What is the highest common divisor of l and r?
13
Suppose 353 = 2*y - 147. Suppose -5*f - 4*b + y = 0, -8*f + 7*f = -3*b - 31. What is the highest common factor of f and 299?
23
Suppose 0 = -3*x - 2*x + 1015. Suppose -60*q = 5*u - 61*q - 30, -10*u + 4*q + 50 = 0. What is the greatest common divisor of u and x?
7
Let y be ((-392)/2 - 2)*(6/12 - 1). What is the greatest common divisor of 594 and y?
99
Let l be ((-9)/6)/(-3)*(4 - -44). Let m = -1 - -49. What is the greatest common divisor of m and l?
24
Suppose 346 + 740 = 56*r - 1154. Calculate the greatest common factor of 4320 and r.
40
Let w = -74 + 89. Suppose b - 3*c - w - 135 = 0, -c = 3*b - 450. Suppose 0 = -19*h + 24*h - 150. What is the greatest common factor of h and b?
30
Let p = 3 - -6. Suppose -p*x = 288 - 27. Let u = x + 48. Calculate the greatest common factor of u and 133.
19
Let m be (-6)/(-14)*(24 - 21)*189/27. What is the highest common factor of m and 12744?
9
Let o be ((-34)/(-8) - (-11)/((-121)/66))*-16. Let a(y) = -2*y**2 + 3*y + 7. Let q be a(-6). Let w = 125 + q. What is the highest common divisor of w and o?
14
Let y(m) = 4*m**3 - 22*m**2 + 109*m - 47. Let t be y(9). Calculate the highest common divisor of 940 and t.
188
Let w(j) = -153*j - 1220. Let b be w(-8). Calculate the greatest common factor of 1724 and b.
4
Suppose -2*i + 1112 = -2*u, -i + 441 = -3*u - 117. Let h be 8/(-160) + 2107/140. Calculate the highest common divisor of i and h.
15
Let h = -137 + 244. Suppose 0 = n + 3*b - 647 + h, 3*n - 1570 = b. Suppose -n = -4*u - u. What is the greatest common factor of 35 and u?
35
Suppose 24 = -10*n + 11*n. Let q be (-7 + -46 + -5)/((-2)/8). What is the highest common factor of n and q?
8
Let d be ((-216)/5)/(2/(-5)). Calculate the greatest common factor of d and 10476.
108
Suppose -2*l = 4*m - 68, m + 2*l - 30 = -m. Suppose -3*q - 4*c + 977 = 81, -4*q + 1228 = -3*c. Calculate the highest common divisor of q and m.
19
Suppose -w + 212 = 2*m - 293, -3*m + 1010 = 2*w. Let h = -329 + w. Calculate the greatest common divisor of 66 and h.
22
Suppose 5*l + 1 = 3*z, -9*l + 10*l = -5*z + 39. Let p be 3*z/6*72/14. What is the highest common factor of 45 and p?
9
Suppose 109*p - 114*p = -20. Let n be (-2 - (-1738)/p) + (-35)/(-14). Calculate the highest common factor of n and 87.
87
Suppose -2*r + 0*r - 1518 = -2*h, 3*h + 3*r - 2283 = 0. Let k = h - 224. What is the greatest common divisor of 8 and k?
8
Let j(o) = o**2 - o - 15. Let y be j(-4). Let c = 15 + y. Suppose 0*t - 5*t - 145 = -2*w, 0 = 4*w - 3*t - 311. What is the greatest common divisor of w and c?
20
Let s(g) be the third derivative of -g**6/120 + g**4/24 + 95*g**3/6 + 9*g**2. Let y be s(0). Let q = y - -22. What is the greatest common divisor of 13 and q?
13
Let v be (-48)/((-46)/44 - -1). Suppose 5*y - 34 = 2*y + i + 62, 15 = 5*i. Calculate the greatest common divisor of y and v.
33
Let z(a) = -411*a + 8226. Let o be z(20). Calculate the greatest common factor of o and 338.
2
Let d(y) = 3*y**2 - 22*y + 64. Let c be d(10). Let t be (6/18)/(2/c). Calculate the greatest common divisor of t and 8.
8
Let q be ((-2646)/(-90) + -23)/(6/195). What is the greatest common factor of q and 18616?
104
Let o be ((-2)/11)/(8/(-176)). Suppose o*c = -8*c + 588. What is the greatest common divisor of c and 133?
7
Let o be ((-4)/(-3))/(42/315). Suppose 0 = -12*b + o*b + 90. Calculate the greatest common divisor of b and 120.
15
Let w be 1540605/297 + (-2)/9. Calculate the greatest common divisor of w and 931.
133
Let j = -1270 - -1279. Calculate the greatest common divisor of 681 and j.
3
Let b be (1 - 15)*((-16)/(-2) + (-49 - -39)). What is the highest common divisor of b and 2534?
14
Let j(y) = -y**2 + 56*y + 1479. Let i be j(-19). What is the highest common divisor of 1269 and i?
27
Suppose -15*f - 62 = -46*f. Suppose -8 = -4*d + 12. Calculate the greatest common factor of d and f.
1
Suppose -81 + 13 = -17*t. Suppose 172 = 7*c + t. Calculate the greatest common divisor of 120 and c.
24
Let h be (-185)/(-30) + 15/18. Suppose -66 + 178 = h*s. Calculate the greatest common factor of s and 76.
4
Suppose 0 = 4*m - o - 16556, 294*m - 292*m - o - 8276 = 0. Calculate the highest common divisor of 120 and m.
60
Let d(o) = 105*o - 202*o - 100 + 85*o. Let c be d(-39). Calculate the highest common factor of c and 16.
16
Suppose -1930 = -128*r + 124*r + 2*p, -3*r = -4*p - 1440. Calculate the highest common divisor of r and 396.
44
Suppose 0 = 9*x - 45 + 27. Suppose -3*w + x*w - 1 = 0, 0 = d - 3*w - 178. Suppose -n = -12 - 13. Calculate the highest common divisor of d and n.
25
Let b be 1 + -4 - -11*11. Suppose -o = -4*t + 508, -2*t + 130 = o - b. Suppose 0 = -3*g + 141 - 99. Calculate the greatest common factor of g and t.
14
Let v = -798 + 922. Calculate the greatest common factor of 10478 and v.
62
Let s(d) = -51*d + 2723. Let w be s(52). What is the highest common factor of w and 71?
71
Let c(b) = -b**3 - b**2 + 2*b + 5. Let l be c(-3). Let m = l - -9. Let p be -3 + (-10)/4*-2. What is the highest common factor of p and m?
2
Let a(s) = -93*s**2 + 394*s + 7. Let w be a(4). What is the greatest common facto